 + 101010?
10011
In base 10, what is -387 + 4?
-383
In base 13, what is -57 + 7?
-50
In base 14, what is -15 - bd?
-d4
In base 7, what is -61 + -3?
-64
In base 11, what is -4 + 161?
158
In base 13, what is -2 - 2?
-4
In base 11, what is -3 + 110?
108
In base 16, what is -1 - 4e?
-4f
In base 5, what is 4 - -23?
32
In base 8, what is 53 + 137?
212
In base 11, what is -19 + 6?
-13
In base 12, what is 6 + -9?
-3
In base 6, what is 1354 + 2?
1400
In base 8, what is -72 + -140?
-232
In base 11, what is 1018 - 0?
1018
In base 3, what is 0 + -12201120?
-12201120
In base 6, what is 1 - -253?
254
In base 10, what is 155 + 2?
157
In base 6, what is 4 + 22?
30
In base 5, what is 1140 + -4?
1131
In base 14, what is 1226 - 5?
1221
In base 12, what is 6 - -9?
13
In base 13, what is 5a + 3?
60
In base 7, what is 10 + -13?
-3
In base 3, what is -2020 - 2?
-2022
In base 11, what is 4 - 2a?
-26
In base 15, what is -2 + 9a?
98
In base 14, what is -ad + -4?
-b3
In base 15, what is -9 + 108?
ee
In base 2, what is 110001011010 - -1?
110001011011
In base 9, what is 6883 - -3?
6886
In base 11, what is -21 - -8?
-14
In base 10, what is -306 - -7?
-299
In base 2, what is -110 - -10111?
10001
In base 13, what is 879 + -5?
874
In base 14, what is 2 - a3?
-a1
In base 10, what is 25 - -26?
51
In base 12, what is -4 - -a0?
98
In base 16, what is -4 - -34?
30
In base 2, what is 10011100 + 0?
10011100
In base 15, what is -2 + 53?
51
In base 11, what is 6308 - 3?
6305
In base 6, what is -2432 - -2?
-2430
In base 6, what is -201 - 10?
-211
In base 8, what is 5 - -1415?
1422
In base 4, what is 203211 + -11?
203200
In base 6, what is 103 - 2?
101
In base 12, what is 124 + 7?
12b
In base 7, what is 14 + -356?
-342
In base 16, what is 85 - 8?
7d
In base 10, what is 45 + 65?
110
In base 8, what is -143 - 11?
-154
In base 9, what is -1026 - 1?
-1027
In base 16, what is 0 + -4d?
-4d
In base 13, what is -1102 - -2?
-1100
In base 15, what is 64b + 3?
64e
In base 11, what is 4 + -59?
-55
In base 8, what is -2450 + 4?
-2444
In base 12, what is 2 + -69?
-67
In base 15, what is -5b + 1?
-5a
In base 2, what is 1 + -10001?
-10000
In base 5, what is -13 - 42?
-110
In base 11, what is 1 + -20a6?
-20a5
In base 14, what is 11 - -1a3?
1b4
In base 16, what is 19 - af?
-96
In base 4, what is 33 + 1?
100
In base 15, what is -185 - 1?
-186
In base 8, what is 2 + 442?
444
In base 8, what is -26 + 13?
-13
In base 3, what is -1 - -102002?
102001
In base 5, what is 100142 + -4?
100133
In base 10, what is 0 - 3088?
-3088
In base 5, what is -1341 + 3?
-1333
In base 13, what is -5 - -219?
214
In base 16, what is 5f - -2?
61
In base 16, what is 47 + 1?
48
In base 8, what is -1 - 5177?
-5200
In base 12, what is 29 + -6?
23
In base 5, what is -23411 + -1?
-23412
In base 14, what is 1d - 1?
1c
In base 10, what is -224 - -1?
-223
In base 14, what is -7 + -430?
-437
In base 14, what is 13 + -1d?
-a
In base 6, what is -10 - 113?
-123
In base 13, what is 53 + 1a?
70
In base 14, what is -18 + -10?
-28
In base 10, what is -42 + -4?
-46
In base 5, what is -2 + 41221?
41214
In base 12, what is 37 - -4?
3b
In base 8, what is 1115 - 4?
1111
In base 7, what is 3 + -12223?
-12220
In base 2, what is 100001 + -1?
100000
In base 11, what is 5 - -75?
7a
In base 8, what is -521 + 1?
-520
In base 16, what is 1 + 59?
5a
In base 16, what is -1 - -265?
264
In base 4, what is 100 + -10202?
-10102
In base 2, what is -101 - -10100011?
10011110
In base 16, what is 5a - -146?
1a0
In base 16, what is 5 + 1?
6
In base 10, what is -3166 - 1?
-3167
In base 2, what is 11 + -10110000?
-10101101
In base 7, what is -5 + -2301?
-2306
In base 10, what is -1312 - -4?
-1308
In base 16, what is a6 - 2?
a4
In base 2, what is -10 + 1100?
1010
In base 14, what is 13 + -16?
-3
In base 16, what is 13 + -3?
10
In base 12, what is 296 - -a?
2a4
In base 10, what is 604 + -2?
602
In base 7, what is -5 + 111?
103
In base 4, what is 203 - -23?
232
In base 7, what is 16 + -20?
-1
In base 13, what is 2 - 151?
-14c
In base 16, what is 662 - 4?
65e
In base 3, what is -1001022 - -12?
-1001010
In base 15, what is -1a - -3?
-17
In base 2, what is 101 - 10101001101?
-10101001000
In base 14, what is -67 - 7?
-70
In base 7, what is 1 - -3?
4
In base 14, what is -25 - 1?
-26
In base 4, what is 121 - -1?
122
In base 6, what is -11 + 25?
14
In base 3, what is 22112 + 10110?
102222
In base 9, what is -4 + 111?
106
In base 11, what is -1 + -6552?
-6553
In base 15, what is -5 + -80?
-85
In base 16, what is 237 + -4?
233
In base 15, what is 1 - 408?
-407
In base 12, what is 3 - -397?
39a
In base 5, what is -3 + 111030?
111022
In base 16, what is ee - 17?
d7
In base 2, what is -11001 - -11100?
11
In base 16, what is -16 + 5?
-11
In base 3, what is 1001 + -1012?
-11
In base 9, what is -1832 - 3?
-1835
In base 12, what is 14 - -521?
535
In base 7, what is 15 - 156?
-141
In base 6, what is -23023 - -2?
-23021
In base 6, what is -41 + -112?
-153
In base 8, what is 2 - 63?
-61
In base 12, what is -3 - -295?
292
In base 6, what is -2 - 2?
-4
In base 5, what is -3 + -4101?
-4104
In base 3, what is 1120022 + -11?
1120011
In base 4, what is -103111 - 11?
-103122
In base 5, what is 2 + -14313?
-14311
In base 3, what is 1 + 1012?
1020
In base 3, what is 0 - 10211000?
-10211000
In base 14, what is -2 - 30?
-32
In base 15, what is -280 + 2?
-27d
In base 14, what is -24b - 4?
-251
In base 14, what is -3 - -6?
3
In base 3, what is -112202 + 212?
-111220
In base 10, what is 165 + -13?
152
In base 15, what is -a - -283?
278
In base 2, what is -10111011101 - 100?
-10111100001
In base 6, what is 2 + 121?
123
In base 13, what is b + 32a?
338
In base 11, what is 56 - 5?
51
In base 16, what is 2 + -8e?
-8c
In base 11, what is -337 - 3?
-33a
In base 15, what is -4 - -35?
31
In base 5, what is 10 + -142?
-132
In base 13, what is 8 + 327?
332
In base 4, what is -10 + -31?
-101
In base 13, what is 2 + -28?
-26
In base 14, what is -6 + 35a?
354
In base 4, what is -3022 + 10?
-3012
In base 9, what is -4 + 51?
46
In base 11, what is -16 + -14?
-2a
In base 16, what is -3 - -33?
30
In base 12, what is -26 + 6?
-20
In base 14, what is -156 - a?
-162
In base 3, what is -1 - 21?
-22
In base 13, what is 23 + 3?
26
In base 13, what is -46 - 7?
-50
In base 9, what is 81 + -24?
56
In base 16, what is 1f - 6?
19
In base 16, what is -17 - -6?
-11
In base 8, what is 15 + -42?
-25
In base 9, what is 1075 - -1?
1076
In base 3, what is -100 - 22?
-122
In base 13, what is -207 - -9?
-1cb
In base 11, what is 95 - 2?
93
In base 7, what is -3 + -330?
-333
In base 13, what is 2 + 1ba?
1bc
In base 13, what is 7 - 10?
-6
In base 9, what is -3710 + 1?
-3708
In base 2, what is 100 - -11010?
11110
In base 2, what is -110 + 10111100?
10110110
In base 12, what is 6 + 42?
48
In base 3, what is 211 - -100?
1011
In base 12, what is 3 - -b5?
b8
In base 6, what is 142 - -4?
150
In base 16, what is -34 - 2?
-36
In base 10, what is -13223 + 3?
-13220
In base 15, what is -2 - -78?
76
In base 8, what is -5 + 107?
102
In base 16, what is 44 + 0?
44
In base 10, what is -70 - 1?
-71
In base 4, what is 20102 + 1?
20103
In base 12, what is 17 + 3?
1a
In base 15, what is 2164 - 3?
2161
In base 12, what is -2845 - -4?
-2841
In base 5, what is 2 - 3?
-1
In base 16, what is -40 + 11?
-2f
In base 12, what is -b39 - 4?
-b41
In base 2, what is -10010000110 + -111?
-10010001101
In base 15, what is -16 - -e0?
c9
In base 15, what is -2 - -91?
8e
In base 8, what is 30 - -217?
247
In base 16, what is 1 + -9fd?
-9fc
In base 4, what is -12213 + 21?
-12132
In base 13, what is -1 + -1c?
-20
In base 13, what is -1 - 332?
-333
In base 3, what is 211 - 210?
1
In base 11, what is 24 - 16?
9
In base 4, what is -10 - -202?
132
In base 13, what is 38 - -9?
44
In base 11, what is 0 + -1934?
-1934
In base 5, what is 1140 + -10?
1130
In base 5, what is 3 + -1012?
-1004
In base 11, what is -25 - -12?
-13
In base 16, what is -f4 - b?
-ff
In base 3, what is -1 + 12010?
12002
In base 16, what is b + -30?
-25
In base 2, what is -100 + 1000010000?
1000001100
In base 2, what is 1110010 - -11010000?
101000010
In base 10, what is 49 - -9?
58
In base 11, what is -5 + -585?
-58a
In base 7, what is 2 - -16?
21
In base 9, what is -716 - -2?
-714
In base 11, what is -5 + -4277?
-428